02
Convert 13043 (base 5) to base 3.
1101220
What is -5ebd (base 16) in base 3?
-1020021021
Convert a3b (base 12) to base 2.
10111001111
What is 91 (base 11) in base 2?
1100100
Convert -12296 (base 10) to base 16.
-3008
Convert 212214 (base 6) to base 15.
5227
338 (base 12) to base 2
111011100
142 (base 5) to base 2
101111
16a6 (base 11) to base 4
201331
What is 3366 (base 13) in base 9?
10760
Convert 17372 (base 9) to base 5.
340342
-389a (base 11) to base 15
-1780
Convert 40143 (base 5) to base 8.
4764
18a41 (base 14) to base 7
346611
What is 1115 (base 13) in base 14?
c24
Convert -12220 (base 3) to base 2.
-10011111
What is b62 (base 16) in base 6?
21254
-142 (base 10) to base 2
-10001110
Convert 114a4 (base 12) to base 9.
34687
Convert 844 (base 16) to base 6.
13444
What is -1120102 (base 3) in base 14?
-5bb
What is 21424 (base 5) in base 16?
5d1
What is 14424 (base 9) in base 10?
9823
301132 (base 4) to base 6
22354
Convert 499 (base 15) to base 13.
624
What is -140413 (base 5) in base 16?
-1665
-37b (base 12) to base 13
-317
Convert 1031321 (base 5) to base 13.
80a5
Convert 430144 (base 5) to base 14.
5384
67735 (base 8) to base 16
6fdd
What is -55822 (base 9) in base 2?
-1001000011111110
-67b5 (base 13) to base 6
-151105
What is 9a55 (base 14) in base 12?
13577
Convert -44020 (base 10) to base 6.
-535444
What is -55074 (base 9) in base 16?
-8ea5
What is -24525 (base 6) in base 7?
-13436
Convert 21303 (base 4) to base 7.
1554
Convert 1054 (base 7) to base 15.
1a7
What is 54818 (base 9) in base 3?
1211220122
-1416 (base 7) to base 13
-336
Convert -8906 (base 14) to base 3.
-1012112121
What is -3243 (base 5) in base 12?
-314
What is -393 (base 16) in base 13?
-555
What is 9c6a (base 14) in base 11?
19435
What is 1653 (base 7) in base 4?
22203
-4790 (base 12) to base 11
-6039
What is 11807 (base 13) in base 7?
162431
-2292 (base 12) to base 16
-f0e
What is 9d2 (base 15) in base 4?
202232
What is 1770 (base 13) in base 14?
139d
Convert -a17 (base 13) to base 8.
-3256
-574 (base 16) to base 6
-10244
Convert -13351 (base 6) to base 12.
-1257
11122 (base 5) to base 4
30103
What is 37a (base 11) in base 4?
13002
Convert 47735 (base 8) to base 4.
10333131
Convert -5175 (base 15) to base 3.
-212121102
What is 14b9 (base 12) in base 3?
10100120
3657 (base 14) to base 2
10010100001101
What is -222122 (base 3) in base 16?
-2cf
10d (base 14) to base 9
252
202 (base 6) to base 8
112
-420 (base 5) to base 4
-1232
Convert -14c9 (base 16) to base 5.
-132241
What is -142232 (base 7) in base 12?
-13902
-501322 (base 6) to base 10
-39218
Convert 49c (base 16) to base 2.
10010011100
Convert 110010100 (base 2) to base 9.
488
What is -3241 (base 5) in base 9?
-545
-162601 (base 7) to base 8
-76702
-37919 (base 10) to base 7
-215360
2221312 (base 4) to base 12
635a
558 (base 11) to base 5
10133
What is -336 (base 11) in base 7?
-1113
What is 21131 (base 4) in base 2?
1001011101
Convert 137a (base 16) to base 2.
1001101111010
25971 (base 10) to base 6
320123
What is 2000322 (base 4) in base 13?
39a8
What is 33602 (base 7) in base 6?
103252
Convert -2000220 (base 3) to base 9.
-2026
Convert -326 (base 10) to base 14.
-194
Convert 18ac (base 16) to base 12.
37a4
-15b (base 14) to base 11
-232
What is -50b (base 12) in base 8?
-1333
Convert 213434 (base 5) to base 11.
559a
1272a (base 13) to base 7
201430
Convert 4388 (base 9) to base 10.
3239
Convert -1d35c (base 14) to base 15.
-1723d
-143a (base 16) to base 12
-2bb6
Convert 11102213 (base 4) to base 3.
1002201122
2230333 (base 4) to base 6
123131
What is 1221133 (base 6) in base 9?
108233
Convert -8916 (base 12) to base 4.
-3230202
Convert -2344 (base 13) to base 8.
-11535
101000 (base 2) to base 15
2a
Convert -120000020 (base 3) to base 12.
-63b9
What is 14253 (base 8) in base 10?
6315
What is -5784 (base 13) in base 14?
-468c
Convert 100520 (base 7) to base 12.
9a62
-274 (base 12) to base 3
-111221
94a7 (base 14) to base 10
25627
Convert 1314 (base 5) to base 3.
21202
What is -731 (base 8) in base 9?
-575
Convert -4a33 (base 12) to base 10.
-8391
-510 (base 13) to base 8
-1532
What is 10101110111 (base 2) in base 15?
634
What is 77751 (base 8) in base 6?
411333
204504 (base 6) to base 2
100000011011000
What is 437 (base 12) in base 3?
211221
What is -17636 (base 8) in base 5?
-224334
-114544 (base 7) to base 11
-14741
-34125 (base 8) to base 16
-3855
-2112403 (base 5) to base 4
-20220121
-10c5 (base 13) to base 6
-14530
Convert 2422 (base 9) to base 7.
5153
Convert 100111 (base 3) to base 9.
314
Convert 111005 (base 7) to base 5.
1111211
Convert 332 (base 7) to base 15.
b5
Convert -292a7 (base 12) to base 16.
-e05f
Convert 2a8a (base 14) to base 6.
55014
-12222001 (base 3) to base 6
-32044
Convert -13274 (base 10) to base 13.
-6071
-1b7 (base 14) to base 9
-436
-3062 (base 8) to base 13
-950
What is -133 (base 8) in base 13?
-70
-102111 (base 5) to base 13
-1720
What is 272 (base 9) in base 12?
16b
What is -133320 (base 4) in base 14?
-a5a
-2034400 (base 5) to base 6
-420045
2a7 (base 15) to base 11
502
Convert 104 (base 10) to base 16.
68
Convert 12a (base 11) to base 6.
413
200121 (base 4) to base 7
6021
-422316 (base 7) to base 6
-1321220
What is 1175 (base 8) in base 7?
1600
What is 33065 (base 7) in base 3?
102100122
-51251 (base 6) to base 4
-1222033
What is -122010 (base 4) in base 16?
-684
Convert -25222 (base 7) to base 5.
-203011
Convert -23002 (base 5) to base 14.
-843
Convert -c10 (base 15) to base 10.
-2715
Convert 100100001 (base 2) to base 3.
101201
Convert -2121012122 (base 3) to base 12.
-25752
What is 10211211 (base 3) in base 16?
af3
What is 1a9a (base 11) in base 8?
5132
What is 11100100010 (base 2) in base 6?
12242
-100001001 (base 2) to base 8
-411
56 (base 8) to base 4
232
-3a2 (base 12) to base 11
-464
What is 1015 (base 7) in base 9?
434
-bb3 (base 13) to base 11
-1563
171a (base 12) to base 6
20434
What is -270 (base 10) in base 15?
-130
101 (base 5) to base 7
35
-514 (base 11) to base 15
-2b5
467 (base 11) to base 8
1055
-1000101100 (base 2) to base 12
-3a4
Convert -71 (base 15) to base 5.
-411
What is -200211 (base 3) in base 14?
-284
-12113310 (base 4) to base 14
-9724
-31004 (base 5) to base 14
-a32
What is 94a (base 11) in base 14?
5b9
-2eb (base 15) to base 2
-1010011111
What is 166336 (base 7) in base 6?
414501
What is -c40 (base 15) in base 9?
-3706
2545 (base 6) to base 2
1010000001
-10121010 (base 4) to base 6
-215140
What is -1588 (base 11) in base 10?
-2032
-20 (base 7) to base 13
-11
Convert -12023331 (base 4) to base 15.
-7796
What is -1301 (base 7) in base 2?
-111101011
-25414 (base 6) to base 11
-2969
Convert -11537 (base 8) to base 4.
-1031133
-4446 (base 9) to base 2
-110011010010
-b4 (base 15) to base 5
-1134
10202313 (base 4) to base 13
861c
Convert -167116 (base 8) to base 12.
-2b37a
7b0 (base 15) to base 13
a3b
-1170 (base 8) to base 5
-10012
Convert 3020 (base 8) to base 16.
610
What is -178c (base 14) in base 8?
-10220
Convert -376 (base 11) to base 5.
-3241
Convert -1102201 (base 4) to base 3.
-21020121
Convert -203123 (base 5) to base 3.
-100010210
What is -1101012001 (base 3) in base 4?
-12213211
Convert 3483 (base 9) to base 11.
1a41
What is -16692 (base 10) in base 2?
-100000100110100
Convert 201202 (base 3) to base 16.
215
What is -11001101 (base 3) in base 15?
-d1d
-3046 (base 8) to base 11
-1201
Convert 102646 (base 7) to base 3.
220110001
What is 1047 (base 11) in base 5?
21012
342 (base 10) to base 11
291
What is 100111 (base 3) in base 12?
194
2012011 (base 3) to base 11
1222
What is 13141 (base 8) in base 14?
2133
Convert 11011001100 (base 2) to base 15.
7b0
What is -64 (base 8) in base 4?
-310
8c7 (base 13) to base 6
11003
112 (base 16) to base 14
158
-372 (base 12) to base 7
-1340
Convert -21154 (base 10) to base 13.
-9823
What is -11310 (base 4) in base 15?
-19c
17 (base 10) to base 2
10001
What is 344 (base 6) in base 8?
210
Convert -3352 (base 8) to base 7.
-5106
-1351043 (base 6) to base 12
-38483
What is -405 (base 7) in base 2?
-11001001
What is -8678 (base 10) in base 11?
-657a
-1042131 (base 5) to base 6
-221132
Convert 1001312 (base 4) to base 5.
113324
Convert 2d0d (base 16) to base 15.
363d
-3867 (base 12) to base 7
-24463
What is -